the units digit of 135236?
6
What is the thousands digit of 81354?
1
What is the hundred thousands digit of 140498?
1
What is the units digit of 8580?
0
What is the units digit of 32?
2
What is the hundreds digit of 1036?
0
What is the ten thousands digit of 115471?
1
What is the hundreds digit of 74018?
0
What is the units digit of 2902?
2
What is the thousands digit of 16297?
6
What is the tens digit of 22?
2
What is the hundreds digit of 15611?
6
What is the tens digit of 78663?
6
What is the thousands digit of 6321?
6
What is the thousands digit of 23326?
3
What is the tens digit of 4419?
1
What is the thousands digit of 9054?
9
What is the thousands digit of 2735?
2
What is the ten thousands digit of 29787?
2
What is the tens digit of 1284?
8
What is the hundreds digit of 39994?
9
What is the hundreds digit of 2488?
4
What is the tens digit of 261?
6
What is the hundreds digit of 12791?
7
What is the hundreds digit of 4466?
4
What is the tens digit of 9705?
0
What is the units digit of 2080?
0
What is the tens digit of 28951?
5
What is the ten thousands digit of 44969?
4
What is the units digit of 16?
6
What is the units digit of 12721?
1
What is the hundreds digit of 4032?
0
What is the tens digit of 2675?
7
What is the units digit of 111988?
8
What is the units digit of 20454?
4
What is the units digit of 394?
4
What is the ten thousands digit of 19133?
1
What is the hundreds digit of 20872?
8
What is the hundreds digit of 883?
8
What is the tens digit of 11002?
0
What is the thousands digit of 15265?
5
What is the units digit of 24008?
8
What is the tens digit of 889?
8
What is the tens digit of 5798?
9
What is the hundreds digit of 2806?
8
What is the tens digit of 9939?
3
What is the ten thousands digit of 17189?
1
What is the units digit of 10306?
6
What is the hundreds digit of 5332?
3
What is the tens digit of 1449?
4
What is the units digit of 2082?
2
What is the units digit of 584?
4
What is the hundreds digit of 60355?
3
What is the units digit of 35758?
8
What is the thousands digit of 44455?
4
What is the units digit of 8916?
6
What is the tens digit of 4266?
6
What is the tens digit of 5163?
6
What is the units digit of 722?
2
What is the tens digit of 1697?
9
What is the ten thousands digit of 42159?
4
What is the units digit of 5089?
9
What is the thousands digit of 2671?
2
What is the hundreds digit of 8887?
8
What is the hundreds digit of 1797?
7
What is the units digit of 101?
1
What is the units digit of 36972?
2
What is the thousands digit of 31682?
1
What is the thousands digit of 3957?
3
What is the hundreds digit of 3670?
6
What is the units digit of 4262?
2
What is the tens digit of 323?
2
What is the hundreds digit of 1618?
6
What is the ten thousands digit of 39307?
3
What is the thousands digit of 6428?
6
What is the thousands digit of 1628?
1
What is the hundreds digit of 23086?
0
What is the hundreds digit of 2972?
9
What is the thousands digit of 5836?
5
What is the units digit of 5918?
8
What is the hundreds digit of 480?
4
What is the hundreds digit of 11297?
2
What is the tens digit of 12517?
1
What is the tens digit of 3275?
7
What is the tens digit of 29124?
2
What is the tens digit of 10547?
4
What is the ten thousands digit of 19420?
1
What is the units digit of 5343?
3
What is the tens digit of 27843?
4
What is the units digit of 694?
4
What is the units digit of 940?
0
What is the tens digit of 122817?
1
What is the hundreds digit of 4483?
4
What is the units digit of 6760?
0
What is the tens digit of 574?
7
What is the ten thousands digit of 38180?
3
What is the tens digit of 1713?
1
What is the thousands digit of 1904?
1
What is the tens digit of 556?
5
What is the hundreds digit of 17635?
6
What is the hundreds digit of 43324?
3
What is the thousands digit of 70138?
0
What is the hundreds digit of 1602?
6
What is the hundreds digit of 9194?
1
What is the units digit of 694?
4
What is the tens digit of 9602?
0
What is the ten thousands digit of 24635?
2
What is the units digit of 54143?
3
What is the tens digit of 79180?
8
What is the ten thousands digit of 32237?
3
What is the units digit of 146776?
6
What is the hundreds digit of 18330?
3
What is the ten thousands digit of 19796?
1
What is the ten thousands digit of 21024?
2
What is the thousands digit of 142991?
2
What is the tens digit of 1043?
4
What is the units digit of 3051?
1
What is the hundreds digit of 95078?
0
What is the tens digit of 2413?
1
What is the hundreds digit of 35691?
6
What is the tens digit of 297?
9
What is the tens digit of 55?
5
What is the units digit of 48747?
7
What is the tens digit of 97237?
3
What is the hundreds digit of 3232?
2
What is the tens digit of 4843?
4
What is the units digit of 6615?
5
What is the hundreds digit of 563?
5
What is the ten thousands digit of 55755?
5
What is the ten thousands digit of 27147?
2
What is the units digit of 222?
2
What is the hundreds digit of 9433?
4
What is the tens digit of 14493?
9
What is the ten thousands digit of 28871?
2
What is the ten thousands digit of 27861?
2
What is the ten thousands digit of 12033?
1
What is the tens digit of 1375?
7
What is the hundreds digit of 4233?
2
What is the units digit of 53230?
0
What is the units digit of 95086?
6
What is the ten thousands digit of 41282?
4
What is the hundreds digit of 990?
9
What is the tens digit of 65908?
0
What is the thousands digit of 1750?
1
What is the units digit of 8226?
6
What is the thousands digit of 7106?
7
What is the hundreds digit of 4228?
2
What is the tens digit of 6363?
6
What is the thousands digit of 12094?
2
What is the tens digit of 14068?
6
What is the units digit of 14560?
0
What is the tens digit of 46?
4
What is the thousands digit of 10035?
0
What is the hundreds digit of 228?
2
What is the ten thousands digit of 42412?
4
What is the units digit of 12197?
7
What is the units digit of 977?
7
What is the hundreds digit of 1008?
0
What is the hundreds digit of 6572?
5
What is the units digit of 17998?
8
What is the tens digit of 5117?
1
What is the tens digit of 7946?
4
What is the tens digit of 4513?
1
What is the units digit of 44?
4
What is the thousands digit of 89142?
9
What is the tens digit of 23657?
5
What is the thousands digit of 41554?
1
What is the ten thousands digit of 70312?
7
What is the tens digit of 288?
8
What is the tens digit of 1878?
7
What is the tens digit of 636?
3
What is the tens digit of 108716?
1
What is the hundreds digit of 1654?
6
What is the hundreds digit of 29672?
6
What is the units digit of 2199?
9
What is the hundreds digit of 1067?
0
What is the tens digit of 66662?
6
What is the thousands digit of 17498?
7
What is the units digit of 2581?
1
What is the units digit of 81550?
0
What is the tens digit of 1144?
4
What is the hundreds digit of 19212?
2
What is the hundreds digit of 2230?
2
What is the thousands digit of 5528?
5
What is the thousands digit of 11397?
1
What is the tens digit of 102599?
9
What is the tens digit of 529?
2
What is the ten thousands digit of 55121?
5
What is the thousands digit of 16251?
6
What is the units digit of 873?
3
What is the units digit of 1845?
5
What is the ten thousands digit of 25542?
2
What is the units digit of 2923?
3
What is the hundreds digit of 2421?
4
What is the ten thousands digit of 35022?
3
What is the thousands digit of 9784?
9
What is the units digit of 80117?
7
What is the thousands digit of 9729?
9
What is the hundreds digit of 1567?
5
What is the tens digit of 432?
3
What is the units digit of 91487?
7
What is the thousands digit of 2590?
2
What is the tens digit of 16736?
3
What is the units digit of 1707?
7
What is the tens digit of 11211?
1
What is the thousands digit of 10492?
0
What is the hundreds digit of 1303?
3
What is the tens digit of 1774?
7
What is the thousands digit of 1614?
1
What is the units digit of 26271?
1
What is the thousands digit of 7695?
7
What is the units digit of 62924?
4
What is the tens digit of 22724?
2
What is the tens digit of 86461?
6
What is the thousands digit of 2164?
2
What is the tens digit of 1014?
1
What is the hundreds digit of 6117?
1
What is the hundreds digit of 4910?
9
What is the ten thousands digit of 20933?
2
What is the tens digit of 1812?
1